 - m. What are the prime factors of j?
2, 3, 23
Let p be 1 - (0 - (4 + -2)). Let i(s) = -s**2 + 2*s + 3. Let d be i(p). Suppose -v = -d*v + x - 6, -3*v + 18 = x. List the prime factors of v.
2, 3
Let i(k) = -4*k**2 - k + 9. Let v be i(0). Suppose -6*t - 2*p - 3287 = -v*t, 5*t - 5477 = 2*p. What are the prime factors of t?
3, 5, 73
Suppose 56*o - 13*o - 20*o - 985665 = 0. What are the prime factors of o?
3, 5, 2857
Let m = 1979 - 1490. What are the prime factors of m?
3, 163
Suppose -5*x - 3*u - 2952 = -x, 3*u = 3*x + 2214. Let w = 1751 + x. List the prime factors of w.
1013
Suppose 0*g + 4*y = -4*g - 280, 2*g + 140 = -5*y. Let b = g + 119. Let w = 115 - b. What are the prime factors of w?
2, 3, 11
Let y = 324 + -325. Suppose 5*f - r = 206 + 997, 4*f = 4*r + 972. List the prime factors of (y/(-2))/(961/f + -4).
2, 3, 5
Let i = 268 + -268. Suppose -26*w + 35*w - 8406 = i. What are the prime factors of w?
2, 467
Let o = -8 - -11. Suppose -z - a = o - 13, 3*a = -5*z + 44. Let t = z + 23. List the prime factors of t.
2, 3, 5
Let p be (-10)/25 + (-44)/(-10). Suppose p*q - 4*f = -5*f + 986, -3*f + 1236 = 5*q. List the prime factors of q.
2, 3, 41
What are the prime factors of 32717475/1350 - 2/12?
5, 37, 131
Let n(z) = z**3 - 20*z**2 + 8*z + 35. What are the prime factors of n(26)?
3, 1433
Let w(v) = 71*v + 1275. What are the prime factors of w(18)?
3, 23, 37
Suppose 21*m - 21450 = 94008. List the prime factors of m.
2, 2749
Suppose -12 + 2 = -5*b. Suppose 2069 = 5*s - b*a + 6*a, a = 2*s - 825. List the prime factors of s.
7, 59
Let c(t) be the third derivative of t**6/120 + t**5/12 - 2*t**4/3 - t**3/6 + 78*t**2. List the prime factors of c(-7).
13
Suppose -3*s + 3 = 0, -5*s + 1154 = 5*p - 646. Let t = p - 206. List the prime factors of t.
3, 17
Let f be (-829 - 20)*(-2)/6. Suppose o - 894 = -w - f, 2*o - w - 1225 = 0. List the prime factors of o.
2, 3, 17
Let j(h) = -7*h + 33. Let u be j(4). Suppose 5*c - u*v - 135 = 0, 4*c - 103 = 9*v - 4*v. List the prime factors of c.
2
List the prime factors of (44/11)/2 + (2386 - 1).
7, 11, 31
Let u be 6/(-4) + 222/(-4)*1. Let h = 55 + u. List the prime factors of (117/h)/(5/(-20)).
2, 3, 13
Suppose -6760 = -h - 4*k, -19*h + 16*h + 5*k + 20195 = 0. List the prime factors of h.
2, 5, 337
Suppose -b - 5*g - 368 = 0, 0 = -4*g + 6*g + 10. Let r = -97 - b. List the prime factors of r.
2, 3, 41
Let w(a) = 360*a - 3650. What are the prime factors of w(78)?
2, 5, 7, 349
Let m(u) = -11*u - 121. Let s be m(-11). Let y(b) = 14*b + 1260. List the prime factors of y(s).
2, 3, 5, 7
Let g be 2090/(-152) - (-1)/8*-2. Let d be ((-12)/(-7) - 0)/(g/(-49)). Suppose 2*w - 403 = -3*y, -w - 1 + d = 0. What are the prime factors of y?
131
Let r(a) = -21*a**3 + a**2 - 33*a + 18. What are the prime factors of r(-9)?
3, 5, 349
Let l(p) = -3*p**3 - 8*p**2 + 6*p + 40. Suppose 5*f + 4*y = -12 + 2, 3*y - 45 = 5*f. List the prime factors of l(f).
2, 7, 13
Suppose -4*i = -14*i + 2*f + 458808, 5*i + 3*f - 229408 = 0. What are the prime factors of i?
11, 43, 97
Suppose -4*i = -5*i - 3. Let z(v) = v**3 + 6*v**2 + 2*v. Let t be z(i). Suppose -17*x - 180 = -t*x. List the prime factors of x.
3, 5
Let d(y) = -y**3 + 17*y**2 + 4*y - 17. Let a be d(16). Suppose -5*f = 3*h + a, 2*h - 5*h - 2*f = 303. Let p = 34 - h. List the prime factors of p.
3, 5
Suppose -5*j + 15 = -0*j, 4*s + 2855 = -3*j. Let m = -386 - s. List the prime factors of m.
2, 3, 5, 11
Suppose 0 = -2*j + 6*m - 4*m + 25930, 0 = 3*j - 5*m - 38897. What are the prime factors of j?
2, 7, 463
Let n be (-1228)/12 - 1/(-3). What are the prime factors of n/(-2) - -5 - 6?
2, 5
Let x(c) = -c**2 + 10*c - 8. Let y be x(2). List the prime factors of 2679/12 + 6/y.
2, 7
Let c = 75817 + -21281. What are the prime factors of c?
2, 17, 401
Let i(n) = n**3 + 3*n**2 + n + 1. Let r be i(-2). Suppose -5*h + 5 = -d, -d - 3 = -r*h + 2. Suppose 10*t - 3*t - 21 = h. What are the prime factors of t?
3
Let o(d) be the third derivative of d**5/60 - d**4/6 - 2*d**3 - 2*d**2. Let p be o(0). List the prime factors of (-1)/6 - (1790/p + 1).
2, 37
Suppose -3*s + 8 = -4, 2*y + 80 = -4*s. Let b = 54 + y. Suppose 0 = 8*k - b*k - 248. What are the prime factors of k?
2, 31
Let d(l) = -3*l**2 + 11*l - 6. Let c(v) = -2*v**2 + 6*v - 3. Let t = 12 - 10. Let j(k) = t*d(k) - 5*c(k). What are the prime factors of j(-6)?
3, 5, 13
Let s be 14/(-42)*(1 + 23). Let w(c) = -121*c - 108. List the prime factors of w(s).
2, 5, 43
Let l = 82 + -79. Suppose 0 = l*y - 503 - 631. List the prime factors of y.
2, 3, 7
Let l(w) = -2*w**3 - 124*w**2 - 16*w + 91. List the prime factors of l(-62).
3, 19
Suppose 77*n = 89*n - 12. Let h(t) = 8*t + 11. Let p(d) = -d - 1. Let f(y) = h(y) + 3*p(y). List the prime factors of f(n).
13
Let p be ((-52)/(-10))/((-6)/(-90)). Let o = -74 + p. Suppose -2*l + 5*j = -4 - 24, o*j = -4*l + 56. List the prime factors of l.
2, 7
Let h(i) = -141*i - 35. Let w(d) = 70*d + 17. Let f(a) = -2*h(a) - 5*w(a). What are the prime factors of f(-6)?
3, 131
Let w(f) = f**3 - f**2 + f - 3. Let j be w(0). Let s be (-1 - 0) + (-6 - -4 - j). Suppose -9*r = -s*r - 927. What are the prime factors of r?
103
Let j(x) be the first derivative of 3*x**4/2 - x**3/3 - 7*x**2/2 - 7*x + 55. What are the prime factors of j(4)?
3, 37
Let f(g) = -g**3 - 16*g**2 + g + 16. Let r be f(-16). Suppose 0 = 4*j - 5*t - 3939, r*j - 4*t = j - 969. What are the prime factors of j?
3, 109
Let u = 31895 - -7315. List the prime factors of u.
2, 3, 5, 1307
Let l = -3351 + 8429. What are the prime factors of l?
2, 2539
Let y = 1632 - 1625. Let m be 0 + 1 + -1 + 3. Suppose -m*w + 227 = 4*u, 2*w + 421 = y*w - 4*u. What are the prime factors of w?
3
Suppose -19*g = -18*g - 2*z + 8, 14 = -5*g - 3*z. List the prime factors of (21/g)/(25/(-4400)).
2, 3, 7, 11
Let s(p) = -295*p - 3150. What are the prime factors of s(-16)?
2, 5, 157
Let h(q) be the second derivative of -q**5/20 + 2*q**4/3 - 7*q**3/6 - 5*q**2/2 - 44*q. Let i be h(7). List the prime factors of -107*(i/1 - -3).
2, 107
Let y(k) = 400*k**3 + k**2 - 20*k - 31. List the prime factors of y(4).
5, 5101
Let y = -3064 - -3150. Let k(o) = -o**3 - 7*o**2 + 7*o + 8. Let s be k(-7). Let a = y + s. What are the prime factors of a?
3, 5
Let m be 2 + 1/1 - (-61884)/(-36). What are the prime factors of (m/18)/(-1 - 8/(-12))?
2, 11, 13
Let m(u) be the second derivative of -u**3/6 + u**2 - 14*u. Let h be m(-1). What are the prime factors of (326/6)/(1/h)?
163
Let k(a) = a**2 + 2*a - 5. Let v(l) = 17*l + 6. Let o be v(6). Suppose -p + 110 = o. List the prime factors of k(p).
3
Let u(a) = 2*a**2 + 14*a. Let r be u(-7). Suppose 2*z - 1186 - 42 = r. Let c = z - 412. List the prime factors of c.
2, 101
Let k(u) = -u**2 - 10*u - 2. Let o be k(-4). Let c(y) = -y**2 + 16*y + 12. Let q(p) = p + 1. Let i(s) = -c(s) - 5*q(s). What are the prime factors of i(o)?
5
Suppose 74*l + 996782 = 1460218 + 1522354. List the prime factors of l.
3, 5, 1789
Suppose 5*i + 3*k + k = 25, -k + 10 = 2*i. Suppose -9 = -n - i. Suppose -t - n*b + 121 = 0, 3*t - 3*b + b - 293 = 0. List the prime factors of t.
101
Let j be (-2)/(-3) - (-110)/6. Suppose 0 = -h + j - 119. List the prime factors of -6*(-11)/((-66)/h).
2, 5
Suppose -2*n = 5 + 5. Let f(d) be the third derivative of d**5/20 - d**4/4 + 2*d**3 + d**2 + 1033*d. What are the prime factors of f(n)?
3, 13
Let n be ((-2)/(-4))/(24/96). Suppose 730 + 116 = 4*h + n*q, 3*h + 5*q - 645 = 0. Let i = -100 + h. List the prime factors of i.
2, 5, 11
Let w(p) = p**2 - 3*p - 6. Let r be w(-6). Suppose -41*m - 4347 = -r*m. List the prime factors of m.
3, 23
Let j be -3 - (0 + 1)/(-1). Let i be (j + 5 - 4)*(2 - 4). Suppose -i*q + 1 + 7 = -s, 20 = 2*q + 2*s. List the prime factors of q.
2, 3
Let c be 28/20 + (-2)/5 + 37. Suppose -k - s - s = 11, c = -4*k - 2*s. Let t(z) = 2*z**2 + 46. List the prime factors of t(k).
2, 13
Let f(z) = -19*z + 11. Let u be (50/(-4))/5*(-36)/(-15). List the prime factors of f(u).
5
Let t = -65 - -67. Suppose 81 - 17 = t*b. List the prime factors of b.
2
What are the prime factors of ((-14862)/14 + 32/56)/(-1)?
1061
Suppose 7*d - 21 = 4*d. Let t be 1 + -100 + (11 - d). Let i = 21 - t. List the prime factors of i.
2, 29
Suppose -3*w - 67923 = -2*y, -5*y + 4*w - 26857 = -196661. List 